re the prime factors of m(-10)?
67
Let n = -25 - -39. Let s = 46 - n. Suppose 0 = -0*m + 4*m - s. List the prime factors of m.
2
Suppose -72 = -v - 2*v. Suppose -4*q - i = -60, 0*q - 4*i - 45 = -3*q. Let p = v - q. List the prime factors of p.
3
Let u(w) = w**2 + 10*w + 16. Let r be u(-8). Suppose -2*b - b + 87 = r. List the prime factors of b.
29
Let p(j) = -2 - 2*j**2 + 3*j**2 + 2. List the prime factors of p(-5).
5
Let d be 1*2 - (-1 + 0). Let k be 36/21 + (-6)/(-21). Suppose -50 = -d*v - k*v. What are the prime factors of v?
2, 5
Suppose -9 = -2*s - 5. Suppose -s*m + 18 = -m. What are the prime factors of m?
2, 3
Suppose -4*h + 220 - 52 = 0. Suppose 2*w = -5*f - 154, 2*w + 34 = 2*f - 3*f. Let l = h + f. What are the prime factors of l?
2, 3
Suppose 0 = -8*r + 11*r - 291. List the prime factors of r.
97
Let x(o) = -o**2 - 3*o + 43. What are the prime factors of x(0)?
43
Suppose 0 = 4*f + 2*q - 10, 4*q - 20 = -5*f - q. Suppose 2*y - 9 - f = 0. What are the prime factors of y?
5
Suppose 5*a - 3 = 12. What are the prime factors of a?
3
Suppose 0*l - 2*l = -24. What are the prime factors of l?
2, 3
Suppose u - 13 = -5*h, 2*u - h - h = 2. Let f(t) = 4*t - 4. Let l be f(u). Let c(j) = j. List the prime factors of c(l).
2
Let l be (-114)/(-27) - (-2)/(-9). Suppose -170 = -l*q - q. What are the prime factors of q?
2, 17
Let t be (10/30)/(2/24). Suppose 4*o - t*j = 120, -4*o + 2*j + 3*j = -125. List the prime factors of o.
5
Let g = 49 + -4. List the prime factors of g.
3, 5
Let y(n) = -n**3 - 3*n**2 - 3*n. Let g be y(-2). Suppose 4*a = 5*o - g, -o + 6*a + 13 = a. Let x(m) = -m**3 + m - 1. What are the prime factors of x(o)?
5
Let c(l) = 34*l**2. What are the prime factors of c(-1)?
2, 17
Let k(i) = i - 14. Let s be k(7). Suppose 1 = r - 5*g, r + 0*g = -4*g - 8. Let o = r - s. What are the prime factors of o?
3
Suppose 35 = -f - 4*f - 5*z, 20 = -3*f - 2*z. Let n be (f/9)/((-2)/102). Suppose n = 5*j - 26. List the prime factors of j.
2, 3
Let l be 1 + (-168)/(2 + 2). Let c(d) = -d**2 + 3*d - 1. Let z be c(7). Let k = z - l. List the prime factors of k.
2, 3
Let r be (-1 - 0)/((-1)/5). Let v be (1/3)/((-16)/48). Let m = r - v. List the prime factors of m.
2, 3
Suppose -t = 3 - 4. Let j be (3 - 2)/(t/12). List the prime factors of j - (-2)/6*-3.
11
Suppose -a = -3*a + 4. Suppose 7*r - a*r = 105. What are the prime factors of r?
3, 7
Suppose 5*a + 2*y = 15, -5*a + y + 15 = 2*y. Suppose 0*l - 2*l + g + 38 = 0, 50 = a*l + 2*g. What are the prime factors of l?
2, 3
List the prime factors of (-19)/(-7) + (-8)/(-28).
3
Suppose 5*c - 3*j = 354, 4*c + 4*j + 0*j - 296 = 0. What are the prime factors of c?
2, 3
Let p be 0 + 1*-1*11. Let n be (-64)/p - 4/(-22). What are the prime factors of (10/3)/(2/n)?
2, 5
Suppose -28 = z + 4*z - 2*c, 0 = -3*z + 4*c - 28. List the prime factors of -15*((-8)/(-6))/z.
5
Suppose -s = 4*k + 24, 5*k - 2 + 27 = 0. List the prime factors of (3 - s)*36/7.
2, 3
Suppose 4*d - 2*d = 4*f, 5*f - 5 = 0. Let h(z) = -3*z - 6. Let o(s) = -6*s - 13. Let m(w) = -9*h(w) + 4*o(w). List the prime factors of m(d).
2
Let h(r) = r**2 + 4*r - 3. Suppose -5*u - 2*p - p - 19 = 0, 4*u - 3*p + 26 = 0. Let j be h(u). Let f = j + 5. What are the prime factors of f?
7
Let j(r) = -r**3 - 4*r**2 + 2*r - 5. List the prime factors of j(-6).
5, 11
Let p(v) = -3*v - 12 - 4*v - 3*v + 13*v. Suppose -2*i - 3*i = -55. List the prime factors of p(i).
3, 7
Suppose 0 = 3*h - 96 + 9. List the prime factors of h.
29
Suppose 0 = -4*k - 2*o + 23 - 111, -2*k - 3*o - 44 = 0. What are the prime factors of (5 - 3)*k/(-4)?
11
Let y(c) = c**2 + 2*c + 1. List the prime factors of y(-7).
2, 3
Suppose -1 = -3*f + 8, 5*f + 173 = 2*v. List the prime factors of v.
2, 47
Suppose 4*t + t = 10. Let y(c) = -1 + 0 - 4*c + t*c + 3. What are the prime factors of y(-5)?
2, 3
Suppose 201 = -4*s + 5*s - t, -2*t = s - 198. What are the prime factors of s?
2, 5
Let r = 4 + -9. Let y = 1 + r. List the prime factors of (y/(-5))/(1/10).
2
What are the prime factors of (-1)/((-1)/2) + (41 - 3)?
2, 5
Let w(k) be the third derivative of k**4/6 - k**3 - k**2. What are the prime factors of w(6)?
2, 3
Let x be 189/12 + 3/12. Suppose -2*l + 3*f = -x, 2*f = -5*l + 3*f + 53. What are the prime factors of l?
11
Suppose -2*i = -5*k + 2 + 14, -2*k + 6 = -i. List the prime factors of (6/k)/((-5)/(-10)).
3
Suppose 3*x - 9*x + 186 = 0. What are the prime factors of x?
31
Let q(h) = 6*h**3 - 4*h**2 + h + 3. List the prime factors of q(3).
2, 3, 11
Let z be 1/1 + -2 + -9. Let n = -6 - z. List the prime factors of n.
2
Let t = 0 - 2. Let u(y) = 5*y**2 + 3*y + 2. List the prime factors of u(t).
2
Let w(o) = -o**2 + 7*o + 3. Let c be w(7). Suppose -c*a - 2*a - 10 = 5*y, -y + 5*a = 20. Let i = y + 8. List the prime factors of i.
3
Let a(o) = o + 10. Let t be a(-7). Let k(m) = -m**2 + 1. Let f be k(t). List the prime factors of (-18)/(-5)*(-20)/f.
3
Suppose -3*j + 255 = 2*s + 3*s, 0 = s - 2*j - 38. Suppose a + l = 5*l + 12, -l = 4*a - s. List the prime factors of a.
2, 3
Let k(z) = 25*z**2 + z. Let c be k(-1). Suppose 6*b = 3*b + c. What are the prime factors of b?
2
Let o(k) = k**3 + 4*k**2 + k + 5. Let q be o(-4). What are the prime factors of q/(-1 + (-6)/(-4))?
2
List the prime factors of (-2 + 5)*(-300)/(-9).
2, 5
Let b(a) = a**3 - a**2 + a - 2. Let g be b(2). Suppose -195 = -g*o - 11. What are the prime factors of o?
2, 23
Suppose 1679 = 8*t - 609. List the prime factors of t.
2, 11, 13
Suppose -14*a - 287 = -15*a. What are the prime factors of a?
7, 41
Let c(h) = -3*h + 4. Suppose -4 = 5*f - 4*m, 0 = f - 4*f - m - 16. What are the prime factors of c(f)?
2
Let b = -9 + 17. Suppose b - 243 = -5*v. Suppose 31 = 4*z - 3*x, -5*x - v = -3*z - 10. List the prime factors of z.
2
Let f(c) = -37*c**3 - c**2 - c - 1. Let i be f(-1). Suppose r - 5*r = -i. Let m = 21 - r. What are the prime factors of m?
2, 3
Suppose 0*l = 4*l + 20. Let i = l + 14. What are the prime factors of i?
3
Let o(d) = -8*d**3 + d**2. Let x be o(-1). Suppose -k + x + 5 = 0. List the prime factors of k.
2, 7
Let d = 26 + -20. List the prime factors of d.
2, 3
Let x(b) = b**2 - 3*b - 4. Let r be x(3). Suppose 0*m - 4*m = 48. Let k = r - m. What are the prime factors of k?
2
Let i(r) = r + 7. Let w(o) = o**2 - 8*o - 6. Let k be w(8). Let u be i(k). What are the prime factors of (0 + u*-3)*-4?
2, 3
Suppose d = -d + 6. Suppose -16 = -d*p - p. Suppose p*w = -7 + 19. What are the prime factors of w?
3
Let o = -86 - -54. Let t = o - -54. What are the prime factors of t?
2, 11
Let b be 7*(2 + 12/(-7)). Suppose b*f = -3*f + 75. List the prime factors of f.
3, 5
Let g = -6 - -31. What are the prime factors of g?
5
Let a = 28 - 15. What are the prime factors of a?
13
Suppose -2*m + 3*k = -4*m - 7, 4*m + 4*k = -8. Let b(i) = 25*i. What are the prime factors of b(m)?
5
Let d(o) be the third derivative of -o**6/720 + o**5/24 - o**4/12 - 2*o**2. Let i(n) be the second derivative of d(n). List the prime factors of i(0).
5
Let p(o) = -o + 5. What are the prime factors of p(-8)?
13
List the prime factors of (2/3)/(2/372).
2, 31
Suppose 0 = -g - 2*g - 5*d + 41, -2*d = 4. Suppose 4*f - 32 = 2*v, -v - 2*v - 5*f - 4 = 0. Let j = v + g. What are the prime factors of j?
3
Let n(s) = 3*s. What are the prime factors of n(8)?
2, 3
Suppose 5*y = 4*y + 53. List the prime factors of y.
53
Let n = 7 + -15. Let a = -6 - n. Suppose j - 15 = -a*j. What are the prime factors of j?
5
Let m(x) = -123*x**2 - 3*x. Let j be m(-2). Let k be (-5)/((-15)/j)*-1. List the prime factors of 6/(-24) + k/8.
2, 5
Let z = -6 + 5. Let x = -1 - z. Suppose 0 = -2*y - x*y + 12. What are the prime factors of y?
2, 3
Suppose 0*b - 4*b - u + 6 = 0, -2*b + 5*u - 8 = 0. Let c be 0/(3*-1)*b. Let o(d) = -d + 2. What are the prime factors of o(c)?
2
Suppose -2*g + 0*g = -28. Suppose 4*x - 5*t - 18 = 0, 3*t = -0*x + 4*x - g. Suppose 0 = -2*h - x, d = 3*d - 3*h - 7. List the prime factors of d.
2
Let w(p) = p**3 + 6*p**2 - 2*p + 4. Let h be w(-6). Suppose -4*k - h = -80. Suppose d = k + 1. What are the prime factors of d?
17
Suppose -116 = d - 5*d. Suppose 0*q + 2*n + 26 = 2*q, -2*q = -5*n - d. Suppose -a - 3*a = -q. List the prime factors of a.
3
Let b = 3 - -1. Suppose 0 = b*t - t - 108. Suppose 4*m - t = 24. Wha